at is 1 (base 5) in base 14?
1
Convert -6 (base 15) to base 4.
-12
What is 1 (base 2) in base 7?
1
Convert -1 (base 10) to base 16.
-1
Convert 100 (base 3) to base 16.
9
-21 (base 5) to base 13
-b
Convert 102 (base 11) to base 13.
96
Convert 5 (base 6) to base 14.
5
21 (base 13) to base 10
27
Convert -24 (base 5) to base 8.
-16
What is -1000011 (base 2) in base 12?
-57
What is 12 (base 6) in base 14?
8
155 (base 10) to base 8
233
Convert -1 (base 12) to base 11.
-1
What is 7 (base 14) in base 3?
21
What is 102 (base 3) in base 4?
23
89 (base 16) to base 12
b5
-4 (base 7) to base 16
-4
Convert -1 (base 7) to base 3.
-1
2220 (base 5) to base 3
102111
What is 3 (base 13) in base 11?
3
Convert 2 (base 15) to base 4.
2
What is -2 (base 9) in base 13?
-2
101 (base 5) to base 8
32
What is -254 (base 8) in base 3?
-20101
What is 5c (base 13) in base 7?
140
Convert -3 (base 4) to base 5.
-3
0 (base 5) to base 6
0
What is -24 (base 7) in base 14?
-14
What is 0 (base 16) in base 10?
0
Convert -5 (base 11) to base 15.
-5
Convert 1 (base 6) to base 13.
1
What is -41 (base 5) in base 8?
-25
Convert 3 (base 11) to base 10.
3
What is 4 (base 16) in base 9?
4
Convert -30 (base 11) to base 8.
-41
Convert 13 (base 8) to base 7.
14
What is -100 (base 8) in base 11?
-59
Convert -20121 (base 3) to base 14.
-ca
15 (base 9) to base 16
e
What is 3213 (base 4) in base 15?
106
What is -2 (base 7) in base 14?
-2
Convert -5 (base 7) to base 5.
-10
Convert -1 (base 4) to base 7.
-1
What is -5 (base 15) in base 7?
-5
Convert -3 (base 9) to base 16.
-3
-7 (base 9) to base 12
-7
-11 (base 4) to base 5
-10
Convert 29 (base 10) to base 16.
1d
Convert 15 (base 6) to base 7.
14
Convert 326 (base 7) to base 15.
b2
What is 1c (base 15) in base 8?
33
Convert -1 (base 13) to base 3.
-1
What is -50 (base 6) in base 3?
-1010
-c (base 13) to base 9
-13
What is 0 (base 14) in base 5?
0
-30 (base 7) to base 2
-10101
Convert -1ba (base 14) to base 6.
-1400
1100 (base 4) to base 10
80
0 (base 12) to base 8
0
What is 23 (base 14) in base 8?
37
Convert -10 (base 2) to base 13.
-2
Convert 11100100 (base 2) to base 15.
103
Convert -1 (base 8) to base 12.
-1
-56 (base 11) to base 7
-115
-4 (base 15) to base 7
-4
What is 1151 (base 6) in base 14?
163
What is 2 (base 9) in base 2?
10
-80 (base 12) to base 4
-1200
Convert -79 (base 13) to base 11.
-91
7 (base 16) to base 14
7
What is 1 (base 3) in base 14?
1
Convert -6 (base 12) to base 15.
-6
Convert -22 (base 14) to base 3.
-1010
What is -2 (base 15) in base 3?
-2
What is -24 (base 6) in base 7?
-22
What is -9 (base 10) in base 12?
-9
What is 15 (base 12) in base 14?
13
12 (base 16) to base 3
200
What is 11 (base 13) in base 6?
22
What is e (base 15) in base 4?
32
Convert -2 (base 11) to base 4.
-2
-10001100 (base 2) to base 6
-352
Convert 0 (base 3) to base 6.
0
What is 1010 (base 2) in base 9?
11
Convert -11 (base 14) to base 4.
-33
-1 (base 10) to base 5
-1
6 (base 16) to base 11
6
Convert -1 (base 13) to base 6.
-1
-10010000 (base 2) to base 8
-220
Convert -30 (base 14) to base 11.
-39
20 (base 4) to base 3
22
What is 1001 (base 2) in base 9?
10
-84 (base 10) to base 12
-70
Convert 210 (base 3) to base 13.
18
What is 5 (base 15) in base 9?
5
-6c (base 13) to base 2
-1011010
Convert 19 (base 14) to base 12.
1b
Convert -141 (base 8) to base 16.
-61
What is 33 (base 9) in base 4?
132
410 (base 5) to base 4
1221
Convert -3 (base 6) to base 11.
-3
What is -4 (base 16) in base 10?
-4
What is -5 (base 13) in base 14?
-5
What is 43 (base 7) in base 16?
1f
15 (base 9) to base 3
112
2010 (base 3) to base 11
52
21 (base 6) to base 14
d
Convert -203 (base 5) to base 14.
-3b
23 (base 11) to base 15
1a
What is -33 (base 14) in base 5?
-140
Convert 120 (base 6) to base 8.
60
-2 (base 12) to base 7
-2
Convert 4 (base 16) to base 12.
4
Convert 53 (base 10) to base 6.
125
What is 420 (base 5) in base 7?
215
What is -3b (base 15) in base 9?
-62
Convert 111 (base 2) to base 5.
12
Convert -3 (base 11) to base 7.
-3
Convert 3 (base 14) to base 8.
3
-75 (base 11) to base 14
-5c
What is 151 (base 6) in base 12?
57
3 (base 12) to base 5
3
What is -12 (base 10) in base 5?
-22
Convert 2 (base 15) to base 10.
2
Convert -c (base 13) to base 2.
-1100
Convert -2 (base 8) to base 3.
-2
What is 5 (base 6) in base 7?
5
What is -2 (base 14) in base 12?
-2
Convert 101 (base 3) to base 15.
a
Convert -3 (base 9) to base 12.
-3
51 (base 6) to base 13
25
-10 (base 4) to base 5
-4
Convert -2 (base 16) to base 10.
-2
Convert -1001 (base 2) to base 13.
-9
What is -2010 (base 3) in base 13?
-45
-17 (base 9) to base 12
-14
-3 (base 16) to base 13
-3
Convert 16 (base 9) to base 5.
30
-10 (base 8) to base 15
-8
Convert -8 (base 16) to base 9.
-8
What is 21 (base 15) in base 10?
31
Convert 9a (base 11) to base 15.
74
What is 10012 (base 4) in base 6?
1114
-553 (base 6) to base 12
-159
-4 (base 9) to base 16
-4
Convert 33 (base 6) to base 14.
17
10d (base 14) to base 13
131
-2 (base 14) to base 9
-2
Convert 31 (base 7) to base 6.
34
Convert -375 (base 9) to base 14.
-183
What is -3 (base 7) in base 12?
-3
Convert -11 (base 8) to base 10.
-9
-111101 (base 2) to base 8
-75
20 (base 3) to base 12
6
Convert 111 (base 3) to base 10.
13
-120 (base 5) to base 7
-50
31 (base 4) to base 10
13
5 (base 8) to base 9
5
Convert a1 (base 13) to base 6.
335
Convert -101000 (base 2) to base 10.
-40
What is 4 (base 10) in base 4?
10
Convert -2 (base 4) to base 16.
-2
What is 3 (base 6) in base 11?
3
What is -3 (base 14) in base 9?
-3
Convert 447 (base 8) to base 4.
10213
What is -120 (base 8) in base 10?
-80
13 (base 11) to base 2
1110
Convert 26 (base 16) to base 7.
53
Convert 0 (base 10) to base 13.
0
What is -14c (base 13) in base 2?
-11101001
What is 7 (base 9) in base 6?
11
-2 (base 13) to base 12
-2
What is -3 (base 13) in base 3?
-10
202 (base 3) to base 16
14
Convert 0 (base 5) to base 12.
0
What is 20 (base 7) in base 15?
e
Convert -43 (base 12) to base 3.
-1220
-1 (base 6) to base 16
-1
Convert 39 (base 10) to base 9.
43
-15 (base 12) to base 6
-25
What is -47 (base 8) in base 12?
-33
What is -1133 (base 4) in base 14?
-6b
What is -2 (base 5) in base 2?
-10
Convert 2 (base 5) to base 6.
2
Convert -4 (base 10) to base 2.
-100
What is 30 (base 7) in base 16?
15
Convert -23 (base 16) to base 10.
-35
What is -1100 (base 2) in base 4?
-30
-534 (base 8) to base 14
-1ac
What is 121 (base 4) in base 7?
34
What is 29 (base 11) in base 15?
21
Convert -1120 (base 3) to base 16.
-2a
Convert -2 (base 16) to base 9.
-2
What is -a (base 13) in base 6?
-14
Convert 1020 (base 4) to base 14.
52
Convert -81 (base 15) to base 14.
-89
-a (base 15) to base 10
-10
Convert 2 (base 4) to base 15.
2
53 (base 10) to base 16
35
What is -11 (base 3) in base 11?
-4
What is -3 (base 9) in base 10?
-3
Convert -8 (base 14) to base 5.
-13
What is 131 (base 5) in base 9?
45
Convert -82 (base 9) to base 4.
-1022
11 (base 12) to base 13
10
-10100 (base 2) to base 5
-40
Convert 0 (base 16) to base 13.
0
Convert 19 (base 16) to base 13.
1c
-3 (base 10) to base 16
-3
Convert 16 (base 11) to base 16.
11
-4 (base 9) to base 3
-11
What is -1 (base 4) in base 2?
-1
Convert -26 (base 7) to base 11.
-19
Convert 202 (base 3) to base 9.
22
Convert -1 (base 7) to base 8.
-1
Convert 12 (base 3) to base 4.
11
What is 5 (base 7) in base 12?
5
What is 10 (base 8) in base 11?
8
2120 (base 3) to base 12
59
Convert 1 (base 8) to base 5.
1
14 (base 5) to base 14
9
Convert -4 (base 14) to base 6.
-4
Convert 10 (base 11) to base 10.
11
1 (base 13) to base 8
1
-4 (base 15) to base 16
-4
Convert 4 (base 14) to base 15.
4
b8 (base 14) to base 10
162
5 (base 6) to base 3
12
What is 11 (base 14) in base 15?
10
What is -5 (base 7) in base 12?
-5
Convert -152 (base 8) to base 16.
-6a
What is 22 (base 8) in base 9?
20
-1 (base 14) to base 6
-1
2210 (base 4) to base 9
202
-13 (base 4) to base 13
-7
Convert 1101 (base 3) to base 11.
34
11 (base 7) to base 11
8
-42 (base 5) to base 14
-18
22b (base 13) to base 11
311
Convert -2 (base 3) to base 12.
-2
-362 (base 9) to base 12
-20b
What is 310 (base 4) in base 14?
3a
What is -31 (base 15) in base 13?
-37
19 (base 10) to base 2
10011
-16 (base 15) to base 10
-21
What is 5 (base 13) in base 2?
101
6 (base 16) to ba